**4 - 5/2*y**2 - 1/20*y**5 + 137 + 1/6*y**3. What is d(8)?
3
Let m(a) = 2*a**2 + 56*a - 4. Suppose -135 + 23 = -2*o + 6*o. Calculate m(o).
-4
Let f(t) = -t**3 - 2*t**2 - 2*t - 2. Let o(q) = -17*q + 1. Let h be o(4). Suppose 46*v + 3312 = -2*v. Let r = v - h. What is f(r)?
2
Let b(i) = i**2 - 16*i + 6. Suppose -5*s = -2*z - 88, 4*s - 28 = -z + 32. Give b(s).
6
Let u(s) be the third derivative of -s**6/120 - s**5/15 + 3*s**4/8 + 4*s**3 - 76*s**2. Let o be u(-5). Let g(i) = -2*i**2 + 6*i - 3. What is g(o)?
-11
Let i(m) = -4*m - 16 + 5*m**2 - 6*m**2 + 6 + 2*m**2. Let c = 257 - 251. Determine i(c).
2
Let z(j) = 50 + 74 + 49 + 3*j - j**2 - 170 + 2*j**2. Suppose 0 = -b - 5*g - 22, 3*g + 18 = -3*b - 0*b. Determine z(b).
1
Let p(o) = -4*o**2 - 510 - 3*o**2 + 8*o**2 + 5*o + 496. Determine p(-7).
0
Suppose -2*r - f + 7 = 0, 4*r - f = f + 10. Suppose 0 = a + 3*k - 5, -3*a + k + 12 + r = 0. Let m(l) = l**2 + l + 6. Calculate m(a).
36
Let u(a) be the first derivative of -11*a**2/2 + a + 4. Let c be (-2)/(-6) + (-206)/(-12)*-2. Let g = 36 + c. What is u(g)?
-21
Let j = 155 - 141. Let i = 30 - j. Let k(q) = q**2 - 17*q + 8. What is k(i)?
-8
Let s(q) = 22 + 26 + 0*q - 60 - q - 12*q. What is s(-5)?
53
Let r(z) = -z**3 - 13*z**2 + 33*z + 3. Suppose 6*f - 12*f - 12 = -2*o, 20 = o - 5*f. Give r(o).
-42
Let x(l) = l**2 - 9*l + 4. Suppose -94 = 6*g - 82. Let q be g*(2 - (-11)/(-2)). Calculate x(q).
-10
Let r(u) = -u + 38 + 15*u - u**2 - 99. Give r(7).
-12
Let i(r) be the first derivative of r**4/4 - r**3/3 - r**2 + 65*r + 10. Let u be i(0). Let c = u - 72. Let h(s) = -s**2 - 6*s + 1. What is h(c)?
-6
Let j(b) = b**3 + 7*b**2 + b - 7. Suppose 185*r - 192*r - 7 = 0. Let f be 4/r - 27/9. Calculate j(f).
-14
Let u be -3 - ((-168)/(-36)*-3 + 11). Let f(c) be the third derivative of 0 + u*c + 8*c**2 + 1/6*c**3 + 0*c**4 - 1/10*c**5. Give f(-1).
-5
Let j(w) be the second derivative of w**3/6 + 11*w**2 + 948*w. Give j(3).
25
Let b be ((-5)/((-25)/(-6)))/((-55)/550). Let s(i) be the second derivative of -1/2*i**2 + 0 - 1/6*i**3 + b*i. What is s(7)?
-8
Let b(g) = -g**2 + 71*g - 1168. Let v be b(26). Let j(n) be the first derivative of 0*n - 1/2*n**2 + v + 7/3*n**3. Determine j(-1).
8
Let s(z) = 10*z + 2. Let d be (-405)/(-18)*(12 + -4). Let p be 7/(-3) - d/(-135). Calculate s(p).
-8
Suppose 0 = -3*p - 15 + 24. Let c(h) = 5 + h**2 + 8128*h**3 + p*h**2 - 8129*h**3. What is c(4)?
5
Let a(t) = -6*t**3 - 4*t**2 - t - 8. Let p(l) = 5*l**3 + l**2 - 1 + 3*l**2 - 5 + 2 + 11 + 2*l. Let i(v) = -4*a(v) - 5*p(v). Give i(-5).
52
Let l(i) = 2*i - 3922*i**3 - 2*i**2 - 3948*i**3 + 7871*i**3 + 8*i**2 + 69. Give l(-7).
6
Let v = -322 + 327. Let h(p) = -p**3 - p**2 + 28*p + 6. Let q be h(v). Let t(y) = -9*y + 1. Give t(q).
37
Suppose 14 + 19 = q. Suppose 4*t = q - 1. Let b(d) be the third derivative of d**5/60 - d**4/3 - 5*d**3/6 - 38*d**2. Calculate b(t).
-5
Let o(w) = -3*w + 17. Let l(s) = 1 + 2462*s - 5 - 18 - 2458*s. Let u(p) = 2*l(p) + 3*o(p). Calculate u(4).
3
Suppose 0*y + 96 = 4*y. Suppose -34*c = -12*c - 66. Let v(r) = y*r - r**c - 3 - 5 - 19*r - r**2 + 5. Calculate v(-4).
25
Let y(v) be the first derivative of -v**4/4 - 2*v**3 - 3*v**2 - 7*v - 921. Give y(-5).
-2
Let v(p) = -4*p - 1. Let s be v(-3). Let w(i) = -i + 16. Let t(j) = -j + 5. Let u(d) = 3*t(d) - w(d). Calculate u(s).
-23
Suppose 3*b - 35 = -l + 6, 0 = -2*l + 5*b + 27. Suppose 12*m - 10 = l. Let u(y) = 0*y - 3*y + 2*y. Calculate u(m).
-3
Let u(n) be the second derivative of -n**4/12 + 11*n**3/3 - 17*n**2/2 - 1244*n. Give u(21).
4
Suppose 3*t + 58*x - 56*x = -20, -26 = 4*t + 2*x. Let b(z) = -3*z**3 - 21*z**2 - 19*z + 4. Determine b(t).
10
Suppose 3*u - 12 = 0, c = 24*u - 28*u + 20. Let s(r) = 3*r**2 + 9*r. What is s(c)?
84
Let c be ((-1)/(-2))/((4*(-35)/168)/(-5)). Let q(t) = 20*t - 21. Determine q(c).
39
Let f(v) = v**2 - v - 3. Let b be (-1 - -16)*(5 + 77/21). Let d = b - 127. Calculate f(d).
3
Let r be (-1633)/644*-14 + (-3)/12*2. Let a(i) be the third derivative of -2/3*i**3 + 0*i + 0 - 1/24*i**4 + r*i**2. Determine a(6).
-10
Suppose 15*l = -4019 + 4514. Let v(z) = 3*z**2 - 99*z - 17. What is v(l)?
-17
Let z(n) = 4*n - 20*n**2 - 2014*n**3 - 91 + 2017*n**3 - 3*n**2. Determine z(8).
5
Let f be -2 + (-119)/(-13) + 2139/(-299) + 7. Let i(p) = -2*p**2 + 18*p - 35. What is i(f)?
-7
Let t(x) = 4*x - 37. Let n be t(9). Let y be (-60)/(-5)*(14/4 + n). Let j(i) = -y*i + 16*i - 6 + 15*i. Give j(3).
-3
Let c(a) = -4*a + 2*a**3 - 3*a**3 + 5*a**2 - 6 + 3*a. Let d(q) = -193*q**3 + q**2 - 2*q + 2. Let z be d(1). Let l = z + 197. Determine c(l).
-11
Let z(l) = -61*l + 3. Suppose 3*u + 12 = -46*o + 41*o, 13 = 10*u - o. Give z(u).
-58
Let r(h) = -h**3 + h**2 - 3*h + 3. Let i be r(2). Let v(o) = 7*o**2 + 7*o + 34. Let d(w) = -24*w**2 - 21*w - 117. Let b(n) = -2*d(n) - 7*v(n). What is b(i)?
-4
Let a(d) = d**2 + 2. Let o(x) = -4*x**2 - 14*x + 3. Suppose 4*q = -20, 0 = 3*v - 4*q + 5*q + 8. Let f(w) = v*o(w) - 3*a(w). Calculate f(-14).
-9
Let b(o) = 453*o**3 + 16 - 10*o**2 + 0*o + 30*o**2 - 452*o**3 + 20*o. Suppose 52 = -3*g - 5*i, 4*i - 7 = -3. Calculate b(g).
-3
Suppose 580*t - 50 = 570*t. Let k(s) be the first derivative of -s**3/3 + 5*s**2/2 - 6*s - 10. Give k(t).
-6
Let d(s) = -2*s**2 - s - 4. Let h(x) = 3*x**2 + 4*x + 8. Let v(o) = 5*d(o) + 2*h(o). Let r(u) = -u**2 - u + 1. Let n(i) = -4*r(i) - v(i). Give n(1).
9
Suppose -g + 2 + 0 = -f, 4*g = 5*f + 8. Suppose 8*m - 12*m + 11 = -3*o, -2*o = 2. Let z(q) = -3 + 5*q**g + q + 2 - 2*q**m - q**2. Determine z(3).
20
Let p(w) = -w**2 + 9*w - 27. Suppose -2*g - 2*d + 18 = 0, 0 = -63*g + 60*g - 4*d + 31. Determine p(g).
-7
Let t(p) be the first derivative of p**3/3 - 15*p**2/2 + 15*p - 6243. Calculate t(8).
-41
Suppose -b - 12 = -4*p, p - 3*b + 1 + 7 = 0. Let d be 2/(6/(-40) + (-1)/p). Let z(j) = -2*j**2 - 9*j + 9. Determine z(d).
4
Let m be 1*((17 - 8) + (-5 - 1)). Let t(z) be the first derivative of 3 - 3*z + 1/2*z**2 + 1/3*z**m. Determine t(-3).
3
Let m(c) = -c**2 + 7*c + 10. Suppose -3*d = 195 + 342. Let k = -171 - d. Calculate m(k).
2
Suppose 0 = -a - 5, -31 = 3*t + t + 3*a. Let v = 0 - t. Suppose -5*h = 5*b - 5, 8 + 0 = -v*h. Let u(r) = -r - 1. Calculate u(b).
-4
Let i(a) = -a**2 + 65. Let b be i(-8). Suppose 0 = z + 3*z - 8. Let j(s) = 6*s**2 - b + 2 - 10*s**z - s**3. What is j(-2)?
-7
Suppose -b = -3*c - 16, -12 = c - 0*c + b. Let p(t) = -2 + 3 + 3*t + 6 - 2*t. Give p(c).
0
Suppose 4856 - 4840 = -8*m. Let o(t) = -3*t**2 - 10*t - 14. Give o(m).
-6
Let k be 10*((-4)/5)/(-2). Let w(d) = 2*d. Let h(o) = -7*o + 6. Let l(u) = k*w(u) + h(u). Determine l(-4).
2
Let i(t) = -2*t**2 - t - 1. Let q(h) = h**2 - h + 6. Let p(j) = i(j) + q(j). Give p(2).
-3
Let f be 6/(11*(-8)/132). Let u(h) = h**3 + 10*h**2 + 8*h - 7. Give u(f).
2
Let g(z) be the second derivative of -4*z**3/3 + 38*z**2 - 3*z + 202. What is g(9)?
4
Let l be (120/(-320))/(2/(-8))*-2. Let c(a) = 2*a**3 - 2*a**2 - 2*a - 7. What is c(l)?
-73
Let w(n) = -5*n**3 - 33*n**2 + 16*n + 8. Let s = -1782 - -1775. Calculate w(s).
-6
Let z(p) be the second derivative of 1/3*p**4 - 147*p + 3/2*p**2 + 1/20*p**5 + 0 + 0*p**3. Calculate z(-5).
-22
Let h(s) be the third derivative of 0*s + 41*s**2 - 1/60*s**5 - s**3 + 0 - 5/24*s**4. Give h(-5).
-6
Let g(q) be the second derivative of 7*q**3/2 + 52*q**2 - 15*q - 18. Determine g(-5).
-1
Let q(z) = -4*z**2 - 60*z - 20. Let v = -30652 + 30637. Calculate q(v).
-20
Let g(f) = 7*f - 4*f + 0*f + 297 + 0*f - 295. What is g(1)?
5
Let t be (1540/350)/((-4)/(-10)) - (0 + 2). Let g(k) = 6*k - 13. Give g(t).
41
Let l(o) = -22 - 7 - o + 18. Let s(y) = y - 16. Let j be 2*(-12)/8 + 11. Let r be s(j). Determine l(r).
-3
Let q = -397 - -397. Let g(p) = 1 + q*p**2 + p**2 - 220*p + 227*p + 3. Determine g(-3).
-8
Let z(g) be the second derivative of -4*g**3/3 + 47*g**2/2 + 3058*g. What is z(7)?
-9
Let n = -767 + 774. Let a(c) = 9*c - 30 - 28 - n*c + 17. What is a(19)?
-3
Let i(g) = 24*g + 13. Let l be i(-4). Let d = 85 + l. Let x(n) = 9*n**2 - 4*n + 3. Let w(c) = c**2. Let u(q) = -3*w(q) + x(q). Calculate u(d).
19
Let s(l) = -533*l - 8099. Let r(f) = 47*f + 714. Let b(k) = -91*r(k) - 8*s(k). Give b(-14).
0
Let d(s) = -2*s**2 - 64*s + 6 - 3*s**2 + 3*s**2 + 72*s. What is d(6)?
-18
Let w = 157 + -121. Let r(d) = w*d + 0 - 3*d + 